ate the highest common factor of 2100 and 4050.
150
Calculate the highest common divisor of 57183 and 98.
49
Calculate the highest common divisor of 20438 and 110.
22
What is the greatest common factor of 151192 and 168?
8
Calculate the highest common factor of 259202 and 436.
218
What is the greatest common divisor of 184 and 66884?
92
What is the highest common factor of 40 and 44340?
20
What is the highest common divisor of 833 and 2992?
17
What is the greatest common divisor of 4380 and 1200?
60
Calculate the greatest common divisor of 59772 and 816.
204
Calculate the highest common divisor of 322636 and 316.
316
Calculate the greatest common factor of 188221 and 8591.
781
What is the highest common factor of 37644 and 1044?
12
What is the highest common divisor of 2759 and 12193?
89
Calculate the highest common divisor of 303854 and 556.
278
What is the greatest common divisor of 212941 and 93344?
2917
What is the greatest common factor of 8838480 and 7?
7
What is the greatest common factor of 1984883 and 127?
127
What is the greatest common divisor of 780 and 26580?
60
Calculate the highest common factor of 2562 and 199958.
122
Calculate the highest common divisor of 329 and 8883.
329
What is the highest common factor of 49392 and 432?
144
What is the greatest common factor of 971794 and 21998?
1294
What is the greatest common divisor of 102 and 897906?
102
What is the highest common factor of 172184 and 12?
4
What is the greatest common divisor of 424 and 33788984?
424
Calculate the highest common divisor of 206325 and 5544.
63
Calculate the highest common divisor of 12362 and 728.
14
What is the greatest common divisor of 2048 and 2636?
4
Calculate the highest common divisor of 73020 and 180.
60
What is the greatest common divisor of 1122 and 101184?
102
What is the greatest common factor of 142728 and 15650?
626
What is the greatest common factor of 1340 and 1480?
20
Calculate the greatest common factor of 48 and 8223.
3
What is the highest common factor of 37152 and 4?
4
What is the highest common factor of 1490 and 370?
10
Calculate the greatest common divisor of 45 and 235.
5
Calculate the greatest common factor of 676 and 852267.
169
What is the greatest common factor of 193074 and 42?
42
What is the highest common factor of 3712 and 108?
4
Calculate the highest common divisor of 145255 and 440.
55
What is the highest common factor of 70 and 1946?
14
What is the greatest common divisor of 2930 and 2029318?
586
Calculate the greatest common factor of 73559 and 34.
17
What is the highest common factor of 1178 and 7391?
19
Calculate the greatest common factor of 2790 and 6390.
90
What is the highest common factor of 5087370 and 115?
115
What is the greatest common divisor of 286 and 488642?
22
Calculate the highest common factor of 457 and 1036019.
457
What is the highest common factor of 11070 and 150?
30
What is the greatest common factor of 329165 and 215?
215
What is the highest common factor of 648635 and 255?
85
Calculate the greatest common divisor of 26734 and 8.
2
Calculate the greatest common divisor of 51969 and 1173.
51
What is the greatest common divisor of 1148 and 6300?
28
What is the greatest common factor of 45200 and 9600?
400
What is the highest common divisor of 196 and 33838?
14
Calculate the highest common factor of 63570 and 234.
78
What is the greatest common divisor of 437100 and 744?
372
What is the highest common divisor of 12169 and 16125?
43
What is the highest common factor of 680 and 4190?
10
What is the highest common divisor of 7 and 41027?
7
What is the greatest common divisor of 2488 and 18971?
311
What is the highest common divisor of 26 and 183794?
26
What is the greatest common divisor of 1813 and 5383?
7
What is the greatest common divisor of 80784 and 616?
88
What is the greatest common divisor of 395 and 369720?
395
What is the highest common factor of 18096 and 24?
24
What is the highest common factor of 1458 and 3294?
54
What is the highest common divisor of 153259 and 1?
1
Calculate the greatest common factor of 8016 and 498.
6
Calculate the highest common factor of 2530304 and 7060.
1412
What is the highest common divisor of 199694 and 638?
638
What is the greatest common divisor of 62 and 4887646?
62
What is the greatest common factor of 94599 and 1449?
207
What is the greatest common divisor of 1656897 and 33?
33
What is the highest common divisor of 1800 and 576?
72
Calculate the highest common factor of 45505 and 100.
5
What is the highest common divisor of 714 and 2149?
7
Calculate the highest common divisor of 45734 and 169.
13
What is the highest common divisor of 90 and 440955?
45
Calculate the highest common factor of 240 and 61536.
48
What is the highest common divisor of 5725 and 151369?
229
What is the greatest common divisor of 108 and 104232?
12
Calculate the highest common factor of 27 and 40230.
27
Calculate the highest common divisor of 337672 and 8.
8
What is the highest common divisor of 20465 and 805?
5
What is the highest common factor of 42 and 4589781?
21
Calculate the greatest common factor of 39610 and 2796.
466
What is the greatest common divisor of 12994 and 1898?
146
What is the greatest common divisor of 37 and 1295333?
37
What is the greatest common divisor of 377 and 755677?
13
Calculate the highest common divisor of 136 and 1999064.
136
Calculate the greatest common divisor of 30769 and 377.
29
Calculate the greatest common divisor of 364 and 3250.
26
What is the greatest common divisor of 3132 and 4428?
108
Calculate the highest common factor of 1267035 and 135.
15
What is the highest common factor of 8793 and 711?
9
What is the highest common divisor of 49 and 412377?
7
Calculate the greatest common divisor of 42 and 118860.
42
Calculate the highest common factor of 3268 and 4522.
38
What is the greatest common divisor of 5940 and 3548160?
1980
Calculate the greatest common divisor of 230448 and 648.
24
Calculate the highest common factor of 64 and 284488.
8
What is the greatest common factor of 273357 and 315?
63
Calculate the highest common divisor of 22 and 3038.
2
What is the highest common divisor of 22 and 31031?
11
What is the greatest common divisor of 242 and 5786?
22
Calculate the greatest common divisor of 2763 and 63.
9
What is the greatest common factor of 3520 and 30?
10
Calculate the greatest common divisor of 21053 and 629.
37
What is the greatest common factor of 4704 and 115836?
588
What is the highest common divisor of 461004 and 492?
492
Calculate the highest common factor of 1548 and 60768.
36
What is the greatest common divisor of 580 and 38050?
10
What is the greatest common factor of 882 and 26586?
126
Calculate the highest common factor of 535548 and 117.
39
What is the greatest common divisor of 21560 and 131120?
440
Calculate the highest common divisor of 5575 and 6913.
223
What is the greatest common factor of 87 and 242817?
87
Calculate the highest common divisor of 16552 and 152.
8
What is the highest common factor of 29382 and 747?
249
What is the highest common divisor of 651 and 95325?
93
Calculate the highest common divisor of 317107 and 3738.
623
What is the greatest common factor of 18 and 239157?
9
What is the greatest common divisor of 78585 and 744?
93
What is the highest common divisor of 79226 and 7?
7
Calculate the greatest common factor of 71382 and 6.
6
Calculate the highest common factor of 48 and 14904.
24
Calculate the highest common factor of 71651 and 411.
137
Calculate the greatest common factor of 7678 and 242.
22
Calculate the greatest common factor of 26 and 31342.
2
What is the greatest common divisor of 33 and 254375?
11
What is the greatest common factor of 408 and 11169?
51
What is the highest common divisor of 120484 and 448?
28
What is the highest common divisor of 183 and 29613?
3
What is the greatest common factor of 153 and 1089?
9
What is the greatest common factor of 21651 and 91?
7
What is the greatest common divisor of 30294 and 9350?
374
What is the greatest common divisor of 26975 and 96031?
1079
What is the greatest common factor of 1236 and 19356?
12
What is the highest common divisor of 213939 and 99?
99
What is the greatest common divisor of 455 and 63115?
65
What is the greatest 